
14
Let l be (-2)/(-2*-4*(-3)/108). Suppose -3*t - t + 72 = -i, 5*t = 5*i + 90. What is the greatest common factor of l and t?
9
Suppose 2*p = -0*p + 30. What is the greatest common factor of p and 10?
5
Let n(y) = y**3 + 14*y**2 + 12*y + 18. Let w be n(-13). What is the greatest common divisor of 279 and w?
31
Let w be 0 + (-1)/6 + 15130/60. What is the greatest common divisor of 28 and w?
28
Let h be (-6 + 4)/(-1) - -38. Suppose -d = -6*q + 2*q + 40, 0 = q - 5*d - 10. What is the greatest common divisor of h and q?
10
Suppose -10 + 150 = 5*f. Let c be 2/(-7) + 260/f. What is the highest common divisor of c and 72?
9
Let d = 21 - 15. Suppose j - 5*s = 24, -s = 2*s + d. What is the highest common divisor of 28 and j?
14
Let t(x) = -3*x - 18. Let i be t(-13). Suppose -s - i = -4*s. What is the highest common factor of 49 and s?
7
Suppose 0 = 5*u - 3*i - 154, -u - 118 = -5*u + 5*i. Calculate the greatest common divisor of 80 and u.
16
Let y = -4 - -7. Suppose 16 = -y*h - 14. Let d be 4/h + (-64)/(-10). What is the highest common divisor of 6 and d?
6
Let l be 5*(-1)/(-1 - 0). Suppose -2*g - 2*u + 34 = 0, -2*u + l*u - 95 = -5*g. What is the greatest common divisor of 22 and g?
22
Suppose 40 = -0*g + 4*g. Let f = -8 - -6. Let d be (-10)/f + -4 + 3. Calculate the greatest common divisor of d and g.
2
Suppose -3*h = -2*h - 3. Let z be (0 + 1)/(h/12). Suppose w = 1, 4*w + 2 = 3*k + 3. Calculate the greatest common divisor of z and k.
1
Let y be -1 - (46/(-5) - (-2)/10). What is the highest common divisor of 88 and y?
8
Let t be (15/(-2))/(6/32). Suppose 2*a = -0*y + 5*y + 274, 5*y + 286 = -2*a. Let c = t - y. Calculate the highest common factor of 80 and c.
16
Let z be (0 - (-5)/5)*2. What is the highest common divisor of 7 and z?
1
Let i be (1 - -26) + 1/1. Calculate the highest common divisor of 14 and i.
14
Suppose -6 = h + 6. Let q be (-21)/h*22*2. Calculate the greatest common factor of q and 11.
11
Let o(a) = -a + 8. Let r be o(0). Suppose 4*i + 16 = r*i. Suppose 3*m - 5*q - 86 = 0, 6*m - 2*m + q = 130. What is the highest common divisor of m and i?
4
Suppose -q = 3*q - 4*o - 356, -4*o = q - 109. Suppose 307 + q = 5*j. What is the greatest common divisor of 20 and j?
20
Let q(h) = -4*h + 5. Let n be q(5). Let b = n - -25. Let p be 2/(-1 + (-2 - -4)). What is the highest common factor of b and p?
2
Let g be 1*-2*(-21)/(-6). Let k = g + 8. Suppose z - 25 = -5*n + 15, z = 5*n - 40. Calculate the highest common divisor of k and n.
1
Let w(q) = q**2 + 12*q - 10. Let c be w(-14). Calculate the highest common divisor of c and 12.
6
Let a(h) = h**3 + 12*h**2 + 8*h - 3. Let y be a(-6). Suppose -2*g - 3*g = -y. What is the greatest common factor of g and 11?
11
Let x(p) = p**3 - p**2 + p + 12. Suppose -7*w = -3*w. Let g be x(w). What is the greatest common factor of g and 18?
6
Suppose 2*v + 4*z - 406 = 0, 3*z = 2*v - 577 + 150. Calculate the highest common factor of 19 and v.
19
Let l(r) = 2*r**3 - 6*r**2 - 2*r - 6. Let p be l(5). What is the greatest common divisor of p and 12?
12
Let o(n) be the second derivative of n**4/12 - n**3/3 + 2*n. Let s be o(-2). Calculate the greatest common factor of s and 72.
8
Suppose 0 = -0*b - 3*b + 96. Calculate the highest common divisor of b and 80.
16
Suppose -90*p + 91*p = 30. What is the greatest common divisor of 50 and p?
10
Suppose 20 = 2*k + 3*r, 0 = 3*k - 5*r + 7 - 37. Let h be 10/4*(-3 + (-19)/(-5)). What is the greatest common divisor of h and k?
2
Let u(y) = -7*y - 5 + 3 + 1 + 3*y - y**3. Let m be u(-5). What is the greatest common divisor of 16 and m?
16
Let p be 1/(-4) - (-218)/8. Suppose -z + 3 = 3*x, 0 = 5*z - x - 38 - 57. Calculate the greatest common factor of p and z.
9
Let a(h) = 4*h - 4. Let k be a(5). Calculate the greatest common divisor of 40 and k.
8
Let z = 117 + -82. Suppose -6*u + z = -u. What is the greatest common factor of u and 7?
7
Let k be (6/(-5))/((-9)/(-810)). Let m = k + 177. Let f(w) = 5*w - 4. Let n be f(10). What is the greatest common divisor of n and m?
23
Let s(f) = -f - 1. Let o(w) = 2*w + 4. Let m(l) = o(l) + 3*s(l). Let t be m(-2). What is the highest common divisor of t and 21?
3
Suppose -4*d - 5*t = -2503, 2*d + 5*t = d + 622. Calculate the highest common factor of 57 and d.
57
Let y = -4 + 6. Suppose 4*n - 10 - 24 = -y*m, 5*m = -2*n + 93. Suppose -m - 17 = -s. What is the highest common factor of 24 and s?
12
Let y(p) = p**2 + 1. Let r be y(-1). Let d = -7 - -23. What is the greatest common factor of d and r?
2
Let g = 53 - 47. What is the highest common divisor of g and 15?
3
Let v be 13 + -5 + (2 - 0). What is the highest common divisor of 70 and v?
10
Suppose -4*a = -2*l + 44, -l + 3*a - 45 = -6*l. Let m = -6 + 9. Suppose -v - u + 40 = 2*v, 0 = m*v - u - 32. What is the greatest common divisor of l and v?
12
Suppose 40 = z + 3*z. Calculate the highest common divisor of 2 and z.
2
Suppose 4*r + s = -4, s - 7 = 5*r + 7. Let c(b) = -b**3 + 4*b**2 + 2*b - 2. Let o be c(r). What is the greatest common divisor of 90 and o?
18
Suppose -4*a - 4*l = a + 32, -4 = 4*a - 4*l. Let r be (-152)/(-5) + a/10. Calculate the greatest common factor of 15 and r.
15
Suppose -f = 2*f - 33. Let v(h) = 19*h - 1. Let i be v(-1). Let j be ((-88)/i)/((-2)/(-20)). What is the greatest common factor of j and f?
11
Suppose 7 = -5*a + 22. Suppose a*j - 5*j = -40. What is the highest common divisor of 20 and j?
20
Let g(l) = 20*l**2 - 2*l. Let t be g(-1). Calculate the highest common factor of 176 and t.
22
Suppose 2*j + r - 8 = j, -r + 2 = -j. What is the highest common factor of j and 6?
3
Let d(w) = -4*w + 4. Let p(o) = -5*o + 4. Let f(n) = -5*d(n) + 6*p(n). Let j be f(-15). Calculate the greatest common factor of j and 22.
22
Suppose 4*x + 2*w - 4 = 0, 5*x + 4*w = -w. Suppose 2*i - 8 = 0, 0 = x*q - 5*q - 2*i + 98. What is the greatest common divisor of q and 12?
6
Let a be ((-4)/(-3))/2 - (-264)/9. What is the highest common factor of a and 12?
6
Let r = -4 - -2. Let i be 0/(r*(1 - 0)). Suppose 4*h - 42 - 15 = -b, i = -5*h - b + 72. What is the highest common divisor of 60 and h?
15
Let u = -39 + -23. Let q = 127 + u. Calculate the greatest common factor of 13 and q.
13
Let r = -3 + 2. Let f be ((-2 - -5) + r)*1. Suppose 3*y - f*o - 82 = 0, 5*o = -0*y - y + 50. What is the highest common factor of 12 and y?
6
Let k = 7 + -2. Let z(a) = 2*a + 2*a + k*a - 3*a - 3. Let s be z(2). Calculate the highest common factor of s and 6.
3
Let i = -50 - -53. Let o(g) = g**3 + 5*g**2 + 3. Let u be o(-5). Let j be 33 - (2 - (u + -1)). What is the highest common factor of j and i?
3
Let b = 56 + -11. Let d be 5/((0 + 3)/3). Suppose -d*c - v = -95, -1 = v - 6. Calculate the greatest common factor of b and c.
9
Let c be 6/(-12) + (-154)/4. Let k be (-24)/(-10)*(-520)/c. What is the greatest common factor of k and 16?
16
Let v be 1*2*2/4. Suppose 4*z - 4 = 12. Suppose -3*y + 2*o = -24, -4*o + 32 = z*y + o. Calculate the greatest common factor of y and v.
1
Suppose -b = b. Suppose b = 2*j + 6 - 40. Let o be 153/(-6)*(-6)/1. What is the greatest common factor of o and j?
17
Let j(o) = o**2 + o - 2. Suppose -5*u + 3*q - 12 = -3, -4*u + q - 10 = 0. Let l be j(u). Suppose p = -0*p + 8. Calculate the highest common divisor of l and p.
4
Let q be 1/(-6) + (-65)/(-30). What is the highest common factor of 12 and q?
2
Let r = -70 - -114. Suppose -4*u = -0*u - 92. Let m = r - u. What is the highest common divisor of 21 and m?
21
Let y(v) = -v**2 - 6*v. Let h be 1/(-4) + (-9)/(-4). Suppose 0 = h*s + 3*s + 20. Let o be y(s). Calculate the highest common divisor of 72 and o.
8
Let u(i) be the first derivative of i**4/4 - 4*i**3 + 6*i**2 - 7*i + 6. Let q be u(11). Calculate the highest common factor of 12 and q.
4
Let r(k) = 2*k**2 + 15 + k**2 - 4*k - 15. Let w be r(3). Suppose 0 = -5*b - 0*b + w, -3*x = 5*b - 51. What is the highest common factor of x and 30?
6
Let k be ((-6)/5)/(6/(-80)). Let c be ((-5)/2)/((-8)/k). What is the greatest common factor of 20 and c?
5
Let l = -54 - -109. Let d be (-11)/(-2)*1*2. Calculate the greatest common factor of l and d.
11
Suppose 14 = 5*q - 6. What is the highest common factor of q and 20?
4
Suppose -5*i = -0*i - r - 30, r = -4*i + 15. What is the greatest common factor of 80 and i?